. Suppose 4*d + c - 24 = 0, 5*d + 4*c - 26 = 3*d. Let r be (-32)/48*(-3)/5*50. Suppose 0 = -0*p + d*p + r. Calculate k(p).
-13
Let p(y) be the second derivative of -8*y**3/3 + y**2/2 + 200*y. Give p(1).
-15
Let t(i) = -11*i**3 + 10*i**2 - 15*i + 5. Let s(x) = -5*x**3 + 5*x**2 - 7*x + 2. Let v be (2/1)/(1/(-3)). Let q(o) = v*t(o) + 13*s(o). Give q(-4).
16
Let n = -930 + 934. Let m(p) be the third derivative of -2/3*p**3 - 1/60*p**5 + 0 + 5/24*p**n + 0*p + 4*p**2. Calculate m(5).
-4
Let d be (0 - (-2)/(-4))*0. Let t(o) = 35*o - 26 - 69*o + 19*o + 16*o. Determine t(d).
-26
Let c(y) = -4*y**3 + 2*y**2 - y - 1. Suppose -8*j + 7*j + 4 = -2*w, -2*w - 4 = 4*j. Give c(w).
41
Let b(h) = -5*h**3 + 8*h**2 - h - 5. Let v(z) = -4*z**3 + 6*z**2 - 2*z - 4. Let d(o) = 5*b(o) - 6*v(o). Determine d(5).
9
Let n(b) = -b. Let o = 44 - 25. Let v = o - 18. Let i(g) = -g**3 - 3*g**2 + 3*g - 2. Let p(k) = v*i(k) - 2*n(k). Give p(-4).
-6
Let p(b) = -b**3 - 65*b**2 - 126*b + 5. Let z be p(-63). Let u(m) = -m**3 + 6*m**2 - 3*m - 4. What is u(z)?
6
Let r(h) = -7*h**2 + 5*h - 10. Let i(q) = q**2 - q + 2. Let g(d) = 15*i(d) + 3*r(d). What is g(-1)?
-6
Let r be (3/(-2))/((-12)/64). Let g(m) = m**2 - 18*m + 27. Let o be g(16). Let b(h) = 14*h + 12. Let d(v) = 9*v + 8. Let x(a) = o*b(a) + r*d(a). Give x(-3).
-2
Let l(b) = -b**3 + 3*b + 1435 - 1459 + 7*b**2 + 7*b. Let x be l(8). Let v(c) = c**2 + 9*c + 6. Determine v(x).
-2
Let v(a) be the first derivative of a**4/4 - 14*a**3/3 - a**2/2 + 12*a + 446. What is v(14)?
-2
Let l(c) = -c**3 + 2*c**2 + 5*c - 2. Let j = 11 + -8. Let v be l(j). Suppose 0 = -3*x + h + 3 - 0, 17 = v*x + 3*h. Let u(q) = q + 2. Give u(x).
4
Let j = -1111 - -1106. Let p(z) be the second derivative of z**3/6 - 3*z**2 + z. Let c(x) = -2*x + 12. Let l(d) = j*p(d) - 2*c(d). Calculate l(0).
6
Let o(m) be the third derivative of m**5/60 + m**4/12 - m**3/2 - m**2. Let d = -17 - -17. Let z = 2 + d. Determine o(z).
5
Let k(t) be the first derivative of 1/3*t**3 - 57 + 5*t**2 + 15*t. Determine k(-10).
15
Let r(m) = -m**2 - 7*m + 5. Suppose 2*y = 4*n + n + 20, 3*y - 13 = -n. Suppose g + 26 = -y*h, -4*h + 8 = g + 30. Calculate r(g).
11
Let h(x) = 3*x**2 - 4. Let j(z) = -20*z**2 - 5*z + 24. Let w(q) = 10*q**2 + 2*q - 12. Let i(l) = -3*j(l) - 7*w(l). Let v(r) = -7*h(r) - 2*i(r). Determine v(-3).
1
Let z(g) = 52*g + 159. Let r be z(-3). Let t(f) = 5*f - 14. Determine t(r).
1
Let x(t) = 1 + 4*t**3 + 7*t - 3*t**3 - 7*t**2 - 2. Let h(b) = 3*b**3 - 4*b**2 - 8*b - 10. Let w be h(-2). Let a = w - -40. Determine x(a).
5
Let w(h) = 51*h - 763. Let k be w(15). Let p(q) = -6*q**3 + 2*q**2 - 2*q + 3. What is p(k)?
-41
Let n(d) = -2 + 51*d - 32*d - 23*d. What is n(-4)?
14
Let g(d) = -d - 4. Suppose 2*m + 2*m + 4*s = 80, -5*m + 5*s = -90. Suppose -r + 28 = 4*t, t = -r - 0*t + m. Let a = r + -21. What is g(a)?
1
Let t(m) = m**2 + 5*m + 6. Let r be t(-7). Suppose -3*o = -2*q + r, 4*o + 25 = -q + 2*q. Let b(n) = n**2 + 9*n + 8. What is b(o)?
-10
Let l(x) = -x**2 + 4*x - 6. Let a be 4/(-18) + -3 + (-1122)/54. Suppose 4*h + h = -c - 20, c + 20 = -4*h. Let d = c - a. Give l(d).
-6
Let l(z) = z**3 - 8*z**2 + 8*z + 13. Let d(x) = 6*x**3 + 4*x**2 - 7*x + 3. Let n be d(1). Determine l(n).
-11
Suppose -i - i = -176. Suppose i = -0*x + 4*x. Suppose 2*y + 5*j + x = 0, -3*j + 3 = 5*y + 20. Let s(l) = -5*l**3 + l**2 + l. Determine s(y).
5
Let z(x) = -x. Suppose -4*d - 15 - 25 = 0. Let q = d + 8. Let j = q - 1. What is z(j)?
3
Let l(g) = -g**3 - g**2 + g + 3. Let c(q) = 4*q**3 + 19*q**2 + 9*q - 18. Let p(x) = c(x) + 5*l(x). Calculate p(15).
-18
Let y(x) be the first derivative of 5*x**2/2 + x - 5. Suppose 2*d = -2*d + 4. What is y(d)?
6
Let b(j) = j**3 - 42774*j + 14*j**2 + 6 + 8 + 42775*j. Calculate b(-14).
0
Let f = -6 + 3. Let y be f - (0 + 2 - 2). Let z(d) be the third derivative of d**6/120 + d**5/20 + d**4/24 - d**3/3 + d**2. What is z(y)?
-5
Suppose -6*m + 3 = 3. Suppose -4*s - 4*l - 32 = m, -s + 28 = -6*s - l. Let p(n) be the third derivative of n**4/24 + 7*n**3/6 + n**2. Calculate p(s).
2
Let h(r) = 7*r - 52. Let y be h(8). Let w be (3 + (1 - y)*2)/(-1). Let b(g) = g**3 - 2*g**2 + 5*g - 2. Give b(w).
22
Let r(g) = -205 + 204 - 6*g + 7*g**2 - 6*g**2. Determine r(6).
-1
Let n(f) = -3*f + 3 - 2 - 4 - 3*f**3 - 3*f**2. Let a = 24 - 18. Suppose a*g + 10 = g. Determine n(g).
15
Let q(u) = u**3 + 4*u**2 + u - 4. Suppose 4*v + 15 = -h, 0*v + 15 = -v - 4*h. What is q(v)?
2
Let c(x) = x**2 - 5*x + 1. Let f be 90/6 - 105/15. Determine c(f).
25
Let u = 6 + -14. Let a(d) = -d**3 - 7*d**2 + 10*d - 2. What is a(u)?
-18
Suppose 5*j - 14 + 4 = 0. Suppose l = -j*w + 2*l - 3, -3*w + 3 = -4*l. Let d(x) = 3*x - 10. Let z(u) = u - 3. Let b(r) = 2*d(r) - 7*z(r). Determine b(w).
4
Let y(t) = t**2 - 46*t + 245. Let i be y(6). Let o(x) = x**3 - 5*x**2 - 4*x - 1. Give o(i).
-21
Suppose 27 = 5*b - j + 6, 5*b - 2*j = 22. Suppose 0*v = -3*v, g - v = 4. Let m(r) = -4 + 1 - 2 - r**2 + g*r. What is m(b)?
-5
Let g(b) = -b**3 + 0*b**3 + 64 - 21*b - 11*b**2 + 26*b**2 + 3*b**2. What is g(17)?
-4
Let c = -72 - -82. Let t(a) = 5 - 6*a - c*a**2 - 3 + 11*a**2. Calculate t(6).
2
Suppose 0 = -0*b - 4*b + 28. Let v(u) = -u**2 + 0*u + 6*u - b - 3*u. Determine v(5).
-17
Let r(b) = -b**2 + 5*b - 3. Let h be -8*(28/8 - 3). Let d(g) = -g - 4. Let k be d(h). Let s be k - (0 + 3)*-1. Determine r(s).
3
Let r(n) = n**2 + 6*n + 1. Let w be r(-5). Let g(k) be the second derivative of 0 - 1/2*k**2 + 1/20*k**5 + 1/3*k**3 + 5/12*k**4 + 7*k. Determine g(w).
7
Let j(i) = -i - 14. Suppose -3*y + 0*y + 3*b - 39 = 0, -5*y - 59 = -3*b. What is j(y)?
-4
Let h(y) = y**3 + 9*y**2 - 9*y + 14. Let n be (560/(-392))/((-2)/(-14)). Determine h(n).
4
Let y(f) = -f**3 + 4*f**2 - 5*f + 2. Let q = 263 + -260. Give y(q).
-4
Let q(y) = -y**2 - 10*y - 2. Let k(f) = 15*f - 7. Let d be k(0). Determine q(d).
19
Suppose 6 = -17*g + 142. Let y(n) be the third derivative of n**4/8 - 4*n**3/3 + 5*n**2. Determine y(g).
16
Let y(f) = -f**3 - 6*f**2 + 5*f + 1. Let u be 3/3*(3 + -10). Calculate y(u).
15
Let g(i) = -i**3 + 4*i**2 - 2*i - 4. Let x be g(3). Let o(l) be the third derivative of -13*l**5/60 - l**4/24 - l**3/6 - 10*l**2 + 26*l. Determine o(x).
-13
Suppose 14 = -211*i + 213*i. Suppose -5*m + 6 + 19 = 0. Let d(q) = 1 + m*q**3 - 9 + i - 5*q + 6*q. Give d(1).
5
Let m(h) = 5 - 3 + 2 - h + 9 - 6. Calculate m(-7).
14
Suppose 0 = -5*t + 8 - 28. Let x be 1*(t + 4)*1. Let o(a) = 3 + a + 9 - 2. Calculate o(x).
10
Let h(q) be the first derivative of q**2 - 4*q + 47. Suppose 4*r = 4*f - 4, f + 11 = 4*f + r. Calculate h(f).
2
Suppose -o = m - 19, -42 + 4 = -2*o - 3*m. Let v(u) = 54*u**2 - o*u**2 + 6*u - 16*u**2 - 18*u**2. Calculate v(-4).
-8
Suppose -6*n + 0*n = 0. Suppose n = -0*o + 4*o - 8. Suppose -5*c - 11 = -x - 27, -1 = -c - o*x. Let j(q) = q**3 - 4*q**2 + 2*q. Calculate j(c).
-3
Let c(j) = -j**3 - 10*j**2 + j + 6. Let d = 57 + -53. Suppose 0 = -d*y - 46 + 6. Give c(y).
-4
Let v = 1079 + -1068. Let n(b) = b**2 - 12*b + 9. Determine n(v).
-2
Let u(d) = 259 - 262 - 2*d + 7*d. Calculate u(-3).
-18
Let m = -42 + 42. Let d(r) = m - 3 + 9*r + r**2 - 4*r**2 + 2*r**2. Determine d(9).
-3
Suppose -16*v = -13*v - 24. Let s(a) = -2*a - 3. Determine s(v).
-19
Let h(b) = 2*b + 19. Suppose -3*n = -2*k - k - 15, -5 = -3*n - 2*k. Let w(o) = 2*o + 18. Let d(v) = n*h(v) - 4*w(v). What is d(-10)?
5
Let f(v) = 3*v**3 + 11*v**2 - 13*v - 16. Let b(k) = 4*k**3 + 13*k**2 - 14*k - 15. Let m(r) = 2*b(r) - 3*f(r). What is m(-8)?
-6
Let q(v) = 8*v - 1. Let f(i) = i**3 - 7*i**2 - 8*i + 2. Let h be f(8). Suppose h*o + 4*x - 27 = -x, o + 9 = 2*x. What is q(o)?
7
Suppose 0*m - 3*m + 8 = -f, 4*f - 32 = -4*m. Let h(y) = f + y + 3 - 12. Give h(-6).
-11
Let d(g) = 20*g**2 + 1. Let v = -13 + 17. Let l be (-2)/v + (-8)/16. What is d(l)?
21
Let s(l) = l**2 + 4*l + 3. Let r(u) = 4*u**2 + 12*u + 9. Let w(b) = 2*r(b) - 7*s(b). Let n(z) = 2*z**2. Let p be n(-2). Suppose 7 + p = 5*v. Calculate w(v).
-6
Let d(g) be the first derivative of 3*g**2/2 - 20. Let a(v) = -10*v - 1. Let u(j) = -2*a(j) - 7*d(j). Give u(0).
2
Suppose 0 = 3*l + 5*c - 27, c - 29 = -5*l + 16. Let k(o) = -5*o - 14*o - 13*o + l*o. Give k(-1).
23
Let u(n) = -3*n - 16. Let z(d) = -d**3 - 14*d**2 + 33*d + 9. Let k be z(-16). Give u(k).
5
Let u(b) = b**2 -